rs of a(s).
2, 7, 19
Suppose -37 = -2*v + 5*y, -2*v = -4*y + 8 - 40. Suppose -n + 2*n - v = 0. Suppose -n*c + 9 = -3*c. List the prime factors of c.
3
Let p(j) = -j**2 + 2*j - 9. Let k be p(6). What are the prime factors of k/22*(-130)/3?
5, 13
Let m be (6/(-4))/(3/(-6)). Suppose -3*g = -m*y - y - 109, 5*y - 10 = 0. List the prime factors of g.
3, 13
Let r = 859 - 853. Suppose 0 = -2*y - y + 60. Let b = r + y. List the prime factors of b.
2, 13
Let t(a) = 70*a**2 - 11*a - 9. What are the prime factors of t(5)?
2, 3, 281
List the prime factors of (1960/(-25))/((-4)/120).
2, 3, 7
Suppose 4*y - 10102 = 2*h + 6958, -2*y - 4*h + 8550 = 0. What are the prime factors of y?
17, 251
Let o = 255 - 51. Let w = 899 - 899. Suppose 4*i - 5*n - 277 = 0, w*i - 3*i + 3*n = -o. What are the prime factors of i?
3, 7
Suppose -4*d = 24*v - 19*v - 4140, -2*v - d + 1656 = 0. List the prime factors of v.
2, 3, 23
Let p be 155/2 - (-1)/2. Let r(y) = -2*y**2 + y + 113. Let f be r(0). Let b = f - p. List the prime factors of b.
5, 7
Let z = 460 - 234. List the prime factors of z.
2, 113
Suppose -13*o = -4*o - 18. Suppose -368 = -o*q - 2*q - y, 89 = q + y. What are the prime factors of q?
3, 31
Suppose 0 = 5*t - 69 + 59. Suppose 3*b - 3*x = 498 - 54, -278 = -t*b - 4*x. List the prime factors of b.
5, 29
Let n(m) = -141*m + 21. Let l(p) = 20*p - 3. Let b(f) = 27*l(f) + 4*n(f). List the prime factors of b(-3).
3, 5
Suppose -2*i + k = -i + 2, -2*i - k + 11 = 0. Suppose p = 3*h - 10, -2*h + 6*p - i*p + 9 = 0. What are the prime factors of h - 0/(2/1)?
3
Let y(q) = -q**2 - 19 + 5*q**2 - 5*q + 4 + 2. What are the prime factors of y(-6)?
7, 23
Let t be (-30)/4*(-4)/10. Suppose -4*b = 0, 5*b = -t*z + 4*b + 123. List the prime factors of z.
41
Let x be (-2)/(-24)*2 - (-67)/(-6). Let c(m) = -m**3 - 9*m**2 + 4*m - 35. What are the prime factors of c(x)?
163
Let p be (-9)/(45/(-10))*(-255)/(-2). Suppose 284 = 2*k - 4*l, -p - 23 = -2*k + 2*l. What are the prime factors of k?
2, 17
Suppose 0 = 5*u - 6*u + 120. Let b = 196 - u. List the prime factors of b/3 - 2/6.
5
Let v(i) = i**3 - i**2 + i - 1. Let r be v(1). Suppose r = -o + 4*s - 2*s + 84, 2*s = 5*o - 428. Let j = o - 49. List the prime factors of j.
37
Let z = -56 - -72. Let j = 33 - z. List the prime factors of j.
17
Let l(d) = -493*d + 436. What are the prime factors of l(-8)?
2, 3, 5, 73
What are the prime factors of (-2265)/10*-2 + -2?
11, 41
Let m = 104 + 3. Let w = 177 - m. Let x = -41 + w. What are the prime factors of x?
29
Let k(b) = -b**2 - 21*b - 45. Let v be k(-17). Suppose 0 = -3*p + 15, 2*x - 11 = 4*p + v. List the prime factors of x.
3
Let j(k) = 18*k - 48. What are the prime factors of j(9)?
2, 3, 19
Let q(x) = -23*x**3 + 3*x + 10. What are the prime factors of q(-3)?
2, 311
Let a(s) = -1260*s - 6. What are the prime factors of a(-1)?
2, 3, 11, 19
Suppose -23*z - 297600 = -87*z. What are the prime factors of z?
2, 3, 5, 31
Let v(o) = -589*o + 441. What are the prime factors of v(-6)?
3, 5, 53
List the prime factors of 2 - -72 - (-5)/(30/6).
3, 5
Let t(x) = x + 10. Let p be 12 + 2*(-5 + 3). Suppose 0 = -2*c + p*c - 24. List the prime factors of t(c).
2, 7
Let v be 0*((-1)/2 + 0). Let t be -8 + 7 + (24 - v). Suppose -4*m = -5*x - t, -2*m + 15 = -3*x + 2. What are the prime factors of m?
2
List the prime factors of 8/(-148) + (-106677)/(-111).
31
Suppose -6*x - 15 = -x + 3*y, -4*y = -3*x + 20. Suppose 3*z + 30 = -5*o + 236, -5*z + 3*o + 332 = x. List the prime factors of z.
67
Let y(s) = -14*s + 2. Let g be y(1). Let z be (4/g)/(1/(-102)). Suppose 0*b + 2*b = 5*n + z, -3*n = 2*b - 18. List the prime factors of b.
2, 3
What are the prime factors of ((-6)/36 - 130/(-24))*228?
3, 7, 19
Let b = 6 - -660. List the prime factors of b.
2, 3, 37
Suppose -5*x + 281 + 54 = 0. Let s = x - 129. Let t = -33 - s. List the prime factors of t.
29
Let u(d) be the second derivative of -1/20*d**5 - 7*d + 0 - 5/2*d**2 + 2/3*d**4 - d**3. List the prime factors of u(7).
2
Let n(f) = 3 - 40*f + 6*f**2 + 7 + 52*f. What are the prime factors of n(-5)?
2, 5
Suppose 8 = l - 2*l. Let z(k) = -k**3 - 6*k**2 + 13*k + 11. List the prime factors of z(l).
5, 7
Suppose -m + 881 = 2*k, 1182 + 2277 = 4*m - 5*k. List the prime factors of m.
13, 67
List the prime factors of (-101484)/(-20) + 44/55.
5, 7, 29
Let j = 84 - -285. List the prime factors of j.
3, 41
Let a = -96 - -68. List the prime factors of (143/(-44))/(1/a).
7, 13
Let r = 93 + -87. List the prime factors of r.
2, 3
Suppose -5197 - 3281 = -9*c. What are the prime factors of c?
2, 3, 157
Suppose 0 = 4*y - 8, 0 = 5*p + 2*y + 3*y - 35. Suppose 3*r + 0*r - 100 = -p*c, -c = -5*r + 120. Suppose 4*z = r - 9. List the prime factors of z.
2
Let m(d) = d**2 - d - 19. Let h be m(6). Let z = 23 - h. List the prime factors of z.
2, 3
Let h(v) be the second derivative of -1/20*v**5 + 1/2*v**3 + 7/12*v**4 + 5/2*v**2 + 0 + 7*v. List the prime factors of h(7).
2, 13
Let c(u) = -9*u + 16. Suppose 4*f - 128 = -4*g, 0 = 5*g - 2*f + f - 178. Suppose -2*o + 5*o = -3*n - 15, 5*o = 5*n - g. What are the prime factors of c(o)?
2, 5, 7
Let z(c) = 3*c**2 - 8*c + 3. Let q be z(3). Suppose q*v + 37 = 1387. What are the prime factors of v?
3, 5
Suppose 27*y + 4134 = 11478. What are the prime factors of y?
2, 17
Let v(f) = -f**2 + 6*f - 6. Let j(r) = -3*r**2 + 13*r - 13. Let c(s) = 4*j(s) - 9*v(s). Let q be c(-2). What are the prime factors of 1 - 3 - -5 - q?
3
Let v(a) = -a**2 - 6*a - 4. Let h be v(-6). What are the prime factors of 4 + (-10 - h) + 79?
7, 11
Let g(b) be the first derivative of -2*b + 0*b + 4 + 2*b - b**2 + b. What are the prime factors of g(-6)?
13
Suppose 0 = k + 4*m - 3346, 2*m - 7*m = 3*k - 10059. What are the prime factors of k?
2, 23, 73
Let a = 20 + -32. Let f be (1 - -2)/(-3) + 3. List the prime factors of 10/(f/a*-1).
2, 3, 5
Let t(n) = 4*n - 64. Let b be t(17). Suppose -8*p + 180 = -b*p. What are the prime factors of p?
3, 5
What are the prime factors of (-9 - 0)/(-7 + 2906/416)?
2, 3, 13
Suppose 15*t - 123 - 1302 = 0. List the prime factors of t.
5, 19
Let j = 8 + -1. Let c = 27 - j. List the prime factors of c.
2, 5
Let s = 681 - 389. List the prime factors of s.
2, 73
Let o = 12 - 6. Let r be (-5)/3*(-18)/o. Suppose -4*t - 4*k + 48 = -84, -r*t = -k - 141. List the prime factors of t.
29
Let q be (1506/(-9))/((-2)/(-6)). Let t = q + 707. List the prime factors of t.
5, 41
Let n be (-5 + 1)/((-2)/4). Suppose 4*w + 236 = n. List the prime factors of 7/14 - w/2.
29
Let x(l) = 2*l**2 + 20*l + 34. Let z be x(-8). Suppose -5*i + 1296 = -2*k - z*k, -3 = -3*k. What are the prime factors of i?
2, 5, 13
Let q(m) = -m**2 + 6*m + 1. Let o = 2 + 1. Let b = 2 + o. List the prime factors of q(b).
2, 3
Let t(r) = r - 2. Let h be t(5). Let n(i) = i**3 - 3*i**2 + 6*i - 6. What are the prime factors of n(h)?
2, 3
Suppose -3*f = -8*f - 3*q + 10386, -4*f - q = -8306. What are the prime factors of f?
2, 3, 173
Let c = -1064 - -1755. List the prime factors of c.
691
Let o be 15 - -3*(-2)/(-6). Suppose -20*p = -o*p - 16. What are the prime factors of 173/p + 5/(-20)?
43
Let w = 598 + 247. List the prime factors of w.
5, 13
Suppose 4*g = h + 2129, g + g - 1068 = 4*h. What are the prime factors of g?
2, 7, 19
Let v be 1/2*-2 + 4. Suppose 0 = -v*s - 5*k + 44, 3 = -2*k + 5. What are the prime factors of s?
13
Let h = -49 - 156. Let n = h - -373. List the prime factors of n.
2, 3, 7
Suppose -4*k + 17 = 5. Suppose 5*j = i - 4*i + 150, 2*i - 101 = -k*j. What are the prime factors of i?
5, 11
Let k = -56 + 56. Suppose k = -b - 7*b + 536. List the prime factors of b.
67
Let c = -41 + 48. Let r(t) = 9*t + 29. What are the prime factors of r(c)?
2, 23
Suppose -p - 6 = -4*w, -2*p + 12 = -p + 5*w. Suppose -p*b + 114 = -54. What are the prime factors of b?
2, 3, 7
Let d(l) be the first derivative of -l**4/2 + l**3 + l**2 - 4*l - 12. List the prime factors of d(-3).
71
Let p(t) = t**3 + 6*t**2 + 4*t - 5. Let u(b) be the second derivative of -b**3/6 - 5*b**2 - 5*b. Let h be u(-6). List the prime factors of p(h).
11
Let i = 25 + -23. Let h = 0 + 0. Suppose h = -4*c + i + 14. List the prime factors of c.
2
Let u be 6/18 - (-86)/3. Suppose 24 = 27*p - u*p. Let f = p + 44. List the prime factors of f.
2
Suppose -5*f + 5*q + 10 = -5